(-49).
60
Let w(d) = d**3 + 72*d**2 + 964*d - 40. Calculate w(-18).
104
Let b(y) = -3436*y - 51511. Determine b(-15).
29
Let w(o) = o**2 - 11033*o - 232110. Calculate w(-21).
24
Let h(v) = -v**2 - 324*v + 8883. Give h(28).
-973
Let j(v) = 1460*v + 11800. What is j(-8)?
120
Let k(j) = j**3 + 51*j**2 + 626*j + 114. Give k(-20).
-6
Let m(h) = -804*h + 241202. Calculate m(300).
2
Let u(d) = 154948*d - 1394563. Determine u(9).
-31
Let x(a) = 129595*a + 649088. Give x(-5).
1113
Let j(n) = 25*n**3 + 2423*n**2 - 189*n + 508. What is j(-97)?
23
Let z(y) = -16*y**2 - 1729*y - 33. Give z(-108).
75
Let n(c) = 143*c**3 - 5168*c**2 + 705*c + 543. What is n(36)?
3
Let r(m) = 56*m**2 - 99*m + 5. Determine r(5).
910
Let y(i) = -5462*i + 2053749. Determine y(376).
37
Let q(o) = -o**3 + 430*o**2 - 903*o + 20103. Calculate q(428).
-13
Let s(h) = -2*h**2 - 1019*h - 38359. Determine s(-41).
58
Let b(f) = f**3 + 47*f + 80. Calculate b(0).
80
Let b(z) = -805*z + 10273. What is b(13)?
-192
Let f(n) = -2*n**3 - 32*n**2 + 1556*n + 2589. Give f(22).
37
Let i(a) = -a**2 - 3*a + 67. What is i(-7)?
39
Let f(c) = -8*c**3 - 607*c**2 + 158*c + 6132. Determine f(-76).
-100
Let k(p) = -57*p**2 + 405*p + 1677. Determine k(10).
27
Let b(d) = d**3 + 12*d**2 + 194*d + 2700. What is b(-13)?
9
Let h(i) = -3138*i - 39063. Calculate h(-12).
-1407
Let w(k) = k**3 + 103*k**2 - 1856*k + 1314. Determine w(15).
24
Let c(r) = -r**2 + 94*r + 3400. Give c(130).
-1280
Let m(b) = -b**3 - 34*b**2 + 26*b + 166. Give m(-13).
-3721
Let p(j) = 77*j**3 - 2076*j**2 - 79*j - 59. Determine p(27).
-5
Let v(f) = -72*f**2 + 2101*f - 2098. Determine v(1).
-69
Let u(t) = 7699*t - 100057. What is u(13)?
30
Let c(z) = 11*z**3 - 11*z**2 + 89*z - 185. Determine c(2).
37
Let c(p) = -24*p**2 + 132*p + 123. What is c(13)?
-2217
Let h(w) = 389*w + 7909. Give h(-19).
518
Let x(n) = -3313*n + 71428. Give x(22).
-1458
Let y(x) = 2564*x - 56954. What is y(23)?
2018
Let m(c) = -c**3 - 315*c**2 + 463*c - 54202. Calculate m(-317).
5
Let q(b) = -3*b**2 - 821*b - 41405. Calculate q(-207).
-5
Let i(s) = s**2 - 561*s - 4487. Calculate i(-8).
65
Let c(w) = 14471*w - 159439. Give c(11).
-258
Let l(y) = -3341*y - 3110502. Determine l(-931).
-31
Let n(w) = 194*w**2 + 12*w + 11. What is n(-1)?
193
Let t(k) = 2*k**3 + 49*k**2 - 7*k - 500. What is t(-26)?
-2346
Let a(f) = -1011*f + 7422. Determine a(7).
345
Let u(z) = 2*z**2 + 227*z - 1846. Calculate u(8).
98
Let v(a) = a**2 + 286*a - 37672. Give v(96).
-1000
Let b(v) = 11*v**3 + 3459*v**2 - 1904*v - 4377. What is b(-315)?
33
Let c(v) = -136292*v - 1090343. Determine c(-8).
-7
Let d(o) = -2132*o - 36235. Give d(-17).
9
Let b(o) = o**3 - 24*o**2 + 34657*o - 796574. What is b(23)?
8
Let a(r) = 4*r**2 + 1315*r + 12359. Determine a(-319).
-82
Let i(y) = 4391*y + 17558. What is i(-4)?
-6
Let q(i) = 598*i**2 - 263*i + 412. Give q(2).
2278
Let b(x) = -x**3 + 322*x**2 + 58*x - 18694. Determine b(322).
-18
Let o(b) = -12586*b - 516087. Calculate o(-41).
-61
Let q(i) = 2*i**2 - 2500*i - 261328. Determine q(-97).
-10
Let q(g) = 29*g**3 + 1218*g**2 + 20*g + 9. Calculate q(-42).
-831
Let n(z) = 47232*z - 1180806. Calculate n(25).
-6
Let c(u) = -25*u**2 + 3395*u + 29403. What is c(144)?
-117
Let a(t) = t**3 + 6*t**2 - 68*t - 79. Calculate a(-15).
-1084
Let r(p) = p**3 - 37*p**2 - 391*p - 499. Give r(-7).
82
Let l(x) = -88045*x + 12062152. What is l(137)?
-13
Let k(r) = -317*r + 21917. Determine k(58).
3531
Let q(v) = 13*v**3 + 43*v**2 - 2176*v - 2218. What is q(-1)?
-12
Let t(q) = -q**3 - 105*q**2 + 663*q - 316. Give t(-111).
17
Let s(i) = i**3 - 25*i**2 + 230*i - 961. What is s(13)?
1
Let g(k) = 6*k**2 + 7176*k + 92252. Calculate g(-13).
-22
Let d(o) = 3*o**3 + o**2 + 706*o - 2. Calculate d(0).
-2
Let f(k) = k**2 + 856*k + 165294. Determine f(-562).
66
Let l(u) = 28653*u + 200370. Give l(-7).
-201
Let q(k) = -459*k + 2627. Calculate q(8).
-1045
Let k(y) = 1160*y - 5852. Calculate k(5).
-52
Let z(s) = s**3 + 143*s**2 - 1204*s + 952. Give z(-151).
348
Let m(n) = -13*n**2 + 47*n + 301. Determine m(8).
-155
Let l(y) = -y**3 + 47*y**2 - 461*y + 7248. Determine l(40).
8
Let i(j) = -j**3 + 1423*j**2 - 36325*j + 71. Give i(26).
-7
Let i(t) = -23*t**2 + 2130*t + 14929. Give i(-7).
-1108
Let k(l) = l**3 - l**2 + 63*l + 54. Calculate k(-13).
-3131
Let f(r) = -370699*r - 4448380. Calculate f(-12).
8
Let j(l) = 6558*l - 32935. Calculate j(5).
-145
Let d(m) = 5341*m - 4415. Calculate d(1).
926
Let u(h) = 28*h**2 - 6601*h - 76002. What is u(-11)?
-3
Let l(k) = -14*k**2 + 7105*k - 28409. Give l(4).
-213
Let a(m) = 108*m**2 - 38*m + 30. Calculate a(2).
386
Let c(i) = 40*i**2 + 2*i - 453. Calculate c(0).
-453
Let o(s) = 2552*s + 15448. What is o(-6)?
136
Let n(p) = 180*p**2 + 188*p - 104. Calculate n(-1).
-112
Let t(b) = b**2 - 22*b - 13173. Determine t(126).
-69
Let p(f) = 2*f**2 - 61020*f + 2802692. What is p(46)?
4
Let o(t) = -5*t**2 + 30*t + 53. Determine o(10).
-147
Let k(s) = -57*s**2 + 116*s - 139. Give k(2).
-135
Let t(k) = -k**2 - 79188*k + 1029640. Calculate t(13).
27
Let o(x) = -6*x**3 - 684*x**2 + 1587*x + 22592. Determine o(-116).
-28
Let i(j) = -j**3 - 206*j**2 - 1386*j + 1337. What is i(-199)?
-56
Let t(b) = -448*b**2 + 3438*b + 1171. Give t(8).
3
Let t(q) = q**3 - 570*q**2 - 161836*q + 9338. Give t(778).
2
Let q(s) = -10955*s**2 + 87624*s + 116. What is q(8)?
-12
Let r(o) = 2*o**3 - 264*o**2 + 1986*o + 4. Calculate r(8).
20
Let u(a) = 12*a**2 - 18568*a + 55695. Give u(3).
99
Let p(b) = -1326*b - 23815. Determine p(-19).
1379
Let b(k) = 3*k**2 + 162303*k + 486902. Give b(-3).
20
Let y(a) = a**3 - 60*a - 184. Determine y(-4).
-8
Let q(m) = -14*m**3 + 657*m**2 + 223*m - 8249. Determine q(47).
23
Let q(t) = t**3 - 187*t**2 + 3046*t - 667. Determine q(169).
9
Let o(t) = 45*t**2 + 1776*t + 271. What is o(-39)?
-548
Let w(b) = -b**3 + 205*b**2 + 5269*b - 1080118. What is w(205)?
27
Let y(m) = 3*m**3 - 8*m**2 - 233*m + 124. Give y(10).
-6
Let z(g) = g**3 + 131*g**2 - 208*g - 1340. Give z(4).
-12
Let p(u) = -4109*u - 28686. Give p(-7).
77
Let s(i) = 16618*i + 265931. Determine s(-16).
43
Let o(r) = 130*r**2 + 560*r - 356. What is o(-5)?
94
Let f(x) = 24*x**2 - 213*x + 78. Determine f(9).
105
Let n(q) = -903*q - 150767. Give n(-167).
34
Let h(q) = -17755*q + 11540755. Give h(650).
5
Let c(p) = -3*p**3 - 56*p**2 - 89*p + 335. Determine c(-15).
-805
Let m(q) = q**2 + 122*q - 640. Determine m(-144).
2528
Let j(n) = n**3 - 5*n**2 + 2876*n - 20213. What is j(7)?
17
Let x(s) = -52*s**2 - 815*s + 235. Give x(-16).
-37
Let r(a) = -a**2 + 61513*a + 1415326. Give r(-23).
-2
Let z(h) = -h**3 - 632*h**2 - 11042*h - 68. Calculate z(-18).
-248
Let q(o) = 34*o - 3252. What is q(88)?
-260
Let u(p) = -2*p**3 + 79*p**2 + 2791*p - 139. Determine u(62).
-77
Let c(a) = 3*a**2 - 270*a - 444. Determine c(94).
684
Let j(p) = -52310*p - 1830839. What is j(-35)?
11
Let y(a) = -117*a**2 + 9346*a - 71. Calculate y(80).
-1191
Let w(x) = -176*x**2 - 16926*x - 2884. What is w(-96)?
-4
Let w(s) = -s**3 - 47*s**2 + 62*s - 491. Give w(-48).
-1163
Let u(i) = -25*i**2 + 55*i + 54. Determine u(8).
-1106
Let n(b) = 33898*b + 271163. Give n(-8).
-21
Let q(c) = -c**3 + 90*c**2 - 33*c + 3071. Calculate q(90).
101
Let g(k) = -2*k**3 - 6*k**2 - 60*k + 278. Give g(4).
-186
Let k(p) = 3*p**3 + 23*p**2 + 827*p + 5828. Give k(-7).
137
Let j(t) = 3*t**2 - 3213*t - 16147. Calculate j(-5).
-7
Let p(y) = -11*y**2 + 590*y - 655. What is p(52)?
281
Let k(v) = -32189*v - 1351987. Give k(-42).
-49
Let o(h) = -1984*h + 93329. Determine o(47).
81
Let u(q) = -2*q**2 - 18*q - 287. Give u(-9).
-287
Let z(o) = -40122*o - 722198. Determine z(-18).
-2
Let d(j) = 3*j**3 + 599*j**2 + 17298*j + 313. Determine d(-35).
33
Let a(t) = -t**2 + 5416*t - 2572139. Determine a(526).
1
Let g(k) = -6*k**2 + 162121*k + 810727. Determine g(-5).
-28
Let q(w) = -7888*w + 110402. Determine q(14).
-30
Let g(s) = 848*s - 7617. What is g(6)?
-2529
Let l(u) = -15653*u + 782773. Calculate l(50).
123
Let p(a) = a**3 + 40*a**2 - 1268*a + 801. Determine p(-61).
8
Let o(u) = -2*u**3 + 23*u**2 + 58*u + 17. Give o(14).
-151
Let d(y) = -351*y**2 + 23516*y - 67. Calculate d(67).
-134
Let k(m) = -3*m**2 - 8513*m - 269350. What is k(-32)?
-6
Let x(d) = -958*d + 71457. What is x(75)?
-393
Let u(y) = -